t is the units digit of z?
5
What is the tens digit of 2430 - (2 - 1)/1?
2
Let f(v) = 17 - v**2 + 12*v + 0*v**2 - 21*v + 7*v. Let i be f(0). Suppose -11 = -w + i. What is the units digit of w?
8
Let m = 116 - 21. Suppose -5*h + 2*l - m = 0, -2*l + 38 = -2*h - 0*l. Let f = 40 + h. What is the units digit of f?
1
Suppose -2*q - 151 = -3*g, -4*g + 3*g + 4*q + 57 = 0. Suppose 5*t + 0*t = 4*n - g, 5*n - 5 = 0. Let c(a) = a + 13. What is the units digit of c(t)?
4
Suppose -5*y = -2*u + 3355, 5*u - 4998 = 2*u - 4*y. What is the units digit of u?
0
Let x(b) = -3*b + 56. Let h be x(18). Let t = -9 + 16. Suppose -h*k + t*k - 120 = 0. What is the units digit of k?
4
Let w(u) = 48*u + 4. What is the tens digit of w(4)?
9
Let r(k) be the second derivative of k**5/20 - k**4/12 - 7*k**3/3 + 2*k**2 - 15*k. What is the hundreds digit of r(6)?
1
Suppose 3*a + 0*j - 15 = -3*j, 3*j - 11 = -a. Let z be ((-1313)/(-26))/(a/4). Suppose 4*b = 4*g + z - 37, 0 = -2*g + 10. What is the tens digit of b?
2
Let j(d) = -d**3 - 8*d**2 - d + 3. Let w(g) = g**2 - g - 4. Let v be w(0). Let h(m) = 2*m. Let k be h(v). What is the units digit of j(k)?
1
Let m be 150/39 - (-2 + 96/52). Suppose m*k = 241 + 427. What is the tens digit of k?
6
Suppose 2*d - 4*p = 94, -3*p + 7*p - 8 = 0. Suppose d*x - 47*x = 1012. What is the units digit of x?
3
Let o(c) = 4*c**2 - 3*c - 22. Let p be (9/(-3))/12 - 38/8. What is the units digit of o(p)?
3
Suppose 3*z - 5*v = 61, 4*v + 0*v + 119 = 5*z. Suppose 3*y - 2*l - z = 23, 0 = -2*l + 10. What is the tens digit of y?
2
Let t(k) = -k**3 + 7*k**2 - 7*k + 6. Let h be t(6). Let m be (h/(-6))/(2 - 0). Suppose m = 2*o + o - 24. What is the units digit of o?
8
Let o = -13 + 15. Suppose 0 = x + x - 8, -o*x = -2*j + 30. Let s = -2 + j. What is the units digit of s?
7
What is the hundreds digit of -14*262/(-8) - (-2)/(-4)?
4
Let n(k) = -3*k + 1. Let i be n(-1). What is the units digit of (-1)/i - (-724)/16?
5
Suppose 4*y = 7*y + 18. Let k(p) = -32*p + 32. What is the units digit of k(y)?
4
Let w(d) = -d**3 + 56*d**2 - 29*d + 278. What is the hundreds digit of w(55)?
7
Let z be 2/4 + (-9)/18. Suppose -9*j + 10*j + 9 = z. What is the tens digit of -32*3*3/j?
3
Let s(b) = b + 3. Let y be s(1). Suppose 0 = -4*m - 4*c + 388, -y*m + 5*m = 4*c + 117. What is the tens digit of m?
0
Suppose 840 = 7*f - 2149. What is the tens digit of f?
2
Suppose -99 = 5*w - 14*w. What is the units digit of 828/10 - w/(-55)?
3
Let i(r) = r**3 + 46*r**2 - 63*r - 413. What is the tens digit of i(-46)?
8
Suppose 2*z + 2*z = -2*v + 62, 5*z - 2*v - 73 = 0. Let h be 2/(-7) - (-13240)/35. What is the units digit of 2/(-10) + h/z?
5
Let z be (0 + (3 - -1))*5. Suppose 5*j = -0*j + z. Suppose 2*v = j*b - v - 272, 4*v - 68 = -b. What is the units digit of b?
8
Let v = 97 - 90. What is the hundreds digit of -14*(-5 + v/(-2))?
1
What is the thousands digit of 0 + 1 - (-1962 + (-13 - 5))?
1
Let a(i) = -i**2 + 19*i - 38. What is the tens digit of a(15)?
2
Let h(i) = -9*i - 6. Let w(f) = -2 - f**2 + 4 + 0 - 4*f. Let m be w(-5). What is the units digit of h(m)?
1
Suppose -44*c = -52*c + 56. What is the units digit of c?
7
Let m be 2 - -3 - 1*2. Suppose 20 - 35 = -m*i. Suppose -3*l + 85 + 19 = -2*p, 4*p = -i*l + 144. What is the tens digit of l?
3
Suppose 3*v - 4 - 6 = -2*a, -10 = 5*v - 2*a. Suppose -o + 2 = v, 5*l = 4*l + 4*o + 20. What is the units digit of l?
8
Let s(m) = -m**3 + 7*m**2 + m - 2. Let t be s(7). Suppose -28 = -x - 5*g, 0 = x - 4*x + t*g + 24. Suppose 9*l + 232 = x*l. What is the tens digit of l?
5
Suppose 3*c - 8*c + 2*s + 205 = 0, -3*c - 3*s + 144 = 0. Suppose 493 = 4*h + 3*v, c = -3*h + 2*v + 434. What is the hundreds digit of h?
1
Suppose b = -5*q + 7052, 2*q - 4*b - 1901 = 933. What is the units digit of q?
1
Suppose 11961 = 157*k - 148*k. What is the units digit of k?
9
Let c(x) = -14*x - 1. Let a(r) = r. Let k(m) = a(m) + c(m). What is the tens digit of k(-1)?
1
Suppose 0 = 3*w - w - 5*i + 31, 0 = w + i + 33. What is the tens digit of 3148/28 + (-16)/w?
1
Let u(b) = 7*b + 10. Let a(v) = 6*v - 1. Let o be a(1). What is the tens digit of u(o)?
4
Let r(o) = -o**2 - 16*o + 6. Let z be r(-16). Suppose -g = -4*m - 101, 2*m - 232 = -8*g + z*g. What is the tens digit of g?
1
Let g(i) = -6*i + 9. Let k be g(3). Let p(u) = -u**2 - 10*u + 4. What is the units digit of p(k)?
3
Let h = -60 - -39. Let k = h - -7. What is the units digit of (1/2)/((-7)/k)?
1
Let v = 1005 - 31. What is the tens digit of v?
7
Let v(z) = -75*z - 15. Let r(m) = 73*m + 16. Let a(o) = -3*r(o) - 2*v(o). What is the hundreds digit of a(-2)?
1
Suppose 4*o + 72 = 4*y, 5*o - 10 = -5*y - 80. Let x = -11 - o. Suppose 0 = x*j - 66 - 49. What is the units digit of j?
3
Let r(i) = -3 + 13*i - 6*i**2 - 6 - i**3 - 11*i. Let h be r(-7). Let k = h + -16. What is the tens digit of k?
1
Let w(k) = 3*k**2 - 3*k - 3. Let r be w(3). Suppose r*g - 4 = 14*g. What is the tens digit of (47/g)/(9/36)?
4
Suppose 5*w - 11 = 9. What is the tens digit of 2/(-8) + 233/w?
5
Suppose 0 = 4*k - 113 + 37. Let f = 56 + k. What is the units digit of f?
5
Let a(o) = -2*o**2 - 5*o**3 + 3*o**2 + 4*o**3 + 5*o + 2*o**2 - 2. Let t be a(4). Suppose v - 46 = -t*b, v = -3 + 5. What is the tens digit of b?
2
Suppose -48*g + 58575 = 7*g. What is the tens digit of g?
6
Let d(u) = -2*u**3 + 10*u**2 - 38*u + 13. Let v(p) = p**3 - 7*p**2 + 25*p - 9. Let s(z) = 5*d(z) + 8*v(z). What is the units digit of s(-6)?
9
Let p = 1 + 1. What is the tens digit of p/5 - (-588)/30?
2
Let v be ((146 - 4)*-1)/(-2). Let o = v + -19. What is the tens digit of o/3*36/24?
2
Let g(t) = t**2 - t + 2. Let z be g(0). What is the hundreds digit of ((-50)/(-40))/(z/168)?
1
Let a = -3346 - -4918. What is the units digit of a?
2
What is the tens digit of 18/(2 - -1) + (-77184)/(-48)?
1
Let v(u) = -u**2 + 10*u - 1. Let a(y) = y**3 - 9*y**2 - 8*y - 11. Let l be a(10). Let t be v(l). What is the units digit of (63/12)/(2/t)?
1
Suppose 0 = 2*g - d - 2436, -4*d = 4*g - 713 - 4159. Suppose -2*u + 2*b - 366 = 0, 0 = -5*u + 4*b - g + 302. Let f = -130 - u. What is the tens digit of f?
5
Suppose -5*z + 65 = -400. Let w = z - -11. What is the units digit of w?
4
Let a = -322 + 784. What is the tens digit of (a/49)/(1/14*2)?
6
Suppose -2*i - 42 = i. Let c = -5 + i. Let q = 28 + c. What is the units digit of q?
9
Suppose 5*z - 2632 = 2*r, -r - 488 - 1092 = -3*z. What is the hundreds digit of z?
5
Suppose -15*h - 1477 + 8497 = 0. What is the units digit of h?
8
Let g be 4/8*2*119. Suppose 2001 - 720 = 7*w. Let k = w - g. What is the tens digit of k?
6
Let s(t) = t**2 + t - 22. Let x = -3 + -7. What is the tens digit of s(x)?
6
Let j(u) = -6*u + 15 - u + 0*u. What is the units digit of j(-9)?
8
Let l = 334 - 200. What is the hundreds digit of l?
1
Suppose 0 = 5*a + o - 277, -5*a - 3*o + 234 + 37 = 0. Suppose -c - 3 = -a. What is the tens digit of c?
5
Let a(z) = 4*z**3 + 3*z**2 - 25*z - 5. What is the hundreds digit of a(6)?
8
Let g(n) = 37*n - 83. What is the tens digit of g(36)?
4
What is the hundreds digit of (-10)/45 - (-570878)/198?
8
Let q(j) = j**3 + 2*j**2 - j - 3. Let h be q(-2). Let x be (-4 - -3) + 0 - h. Suppose -6 = -2*y - x*y, 4*y - 54 = -p. What is the tens digit of p?
4
Suppose -1440 = -2*z + 2*c, -3*z + 7*c - 3*c = -2162. What is the hundreds digit of z?
7
Let f = 592 - 54. What is the hundreds digit of f?
5
What is the hundreds digit of (-801 - 2)/(48/(-144))?
4
Suppose 0 = -2*b - 190 + 36. Let s be (-8)/(-32) - b/(-4). Let c = s - -35. What is the units digit of c?
6
What is the tens digit of (-354)/(-649) - (-7974)/22?
6
Let k(z) = -128*z + 891. What is the units digit of k(0)?
1
Let f(s) be the first derivative of 2*s**3/3 + 2*s**2 + 9*s + 9. What is the units digit of f(-6)?
7
Let x(b) = -161*b + 160. What is the hundreds digit of x(-2)?
4
Let c(g) = 2*g - 3. Let y be c(3). Suppose -y*b - 2*b = -5*d - 30, -3*b - 2*d = 2. Suppose 5*q = b*q + 48. What is the tens digit of q?
1
Let g be (17/(-3))/((-1)/3). Let u = g + -15. Suppose -3*o - n + 92 = 0, 0 = 2*o - o + u*n - 24. What is the tens digit of o?
3
Suppose 8*i - 70 = -214. What is the tens digit of (-38)/(-3) - (-12)/i?
1
Suppose 5*r + 2*f = -2*f + 370, -4*r = -f - 317. Let z be r - 0/3 - 3. Let u = z + -12. What is the units d